o. Let h(y) = -y**2 - 2*y + 1. Determine h(l).
-7
Let y(v) = v**3 + 7*v**2 + 8*v + 8. Let c be (-15)/(-4) + (-3)/(-12). Suppose 25 = l + c*l. Suppose 0 = 5*a - g + 33, l*g - 3*g - 12 = a. Determine y(a).
-4
Let h(q) = q**3 - 4*q**2 - 1. Let c = 45 - 41. Determine h(c).
-1
Let s(u) = -u**3 - 5*u**2 - 6*u. Let q = 8 + -5. Let t be 1 - 3 - (q - 1). What is s(t)?
8
Let z(p) be the second derivative of -5*p**4/12 + p**2/2 + 3*p. Let v be -2 + 3 + 0/2. Determine z(v).
-4
Let i(p) = -3*p - 1. Let y = 0 - 2. Let g be i(y). Let h(v) = -5 - g*v + 5*v + 2*v. Give h(4).
3
Let d(i) = 0*i**2 - 3*i**2 + 2*i**3 + 3 - 2. Let y = -30 + 32. Give d(y).
5
Suppose 3*g + 0*g - 13 = 2*u, 0 = u - 5*g + 24. Let w be u + (8 - -1) + 0. Let z = 5 - w. Let p(i) = i**3 + 5*i**2 + 2*i + 7. Determine p(z).
-3
Suppose -7*r - 63 = -21. Let a(o) = o**3 + 5*o**2 - 5*o + 2. What is a(r)?
-4
Suppose 2 = -4*h + 6. Let p(a) = -9*a. Determine p(h).
-9
Let y(l) = -l**2 + 3*l - 2. Suppose 2*m - 40 = -2*m. Let f(t) = -t + 13. Let s be f(m). Calculate y(s).
-2
Let p be (-10)/6 + (-4)/(-2). Let d(j) be the first derivative of 1/4*j**4 + 0*j - j**2 + p*j**3 + 1. Determine d(-2).
0
Let n(h) = -2*h**3 + h**2. Let r be 32/(-208) + 11/(-13). Calculate n(r).
3
Suppose -3*t = -4*s + t + 48, -4*s - t = -28. Let q(b) = 9*b**2 + b**3 - b - s + b. Let w(k) = -k**2 - k + 1. Let m(j) = -q(j) - 6*w(j). Give m(-4).
-6
Suppose 5*f + 0 = 15. Let l be -2*2/2 - -5. Let n(w) = w + w**3 - 3*w**2 + 3*w**2 - l*w**2. Give n(f).
3
Let k(w) = 3*w**3 - w**2 - 2*w + 16. Let a(h) = -2*h**3 + h**2 + h - 11. Let z(v) = 7*a(v) + 5*k(v). What is z(-3)?
3
Suppose -4*j - 12 - 8 = 0. Let c = 1 - j. Let i(a) = 9*a - 6. Let q(y) = 3*y - 2. Let d(t) = c*i(t) - 17*q(t). Determine d(3).
7
Let k(i) be the first derivative of 1/2*i**2 - 5 - 5*i. Determine k(5).
0
Let d(l) = 63*l**2 + l**3 - 2*l**3 - 72*l**2. Calculate d(-9).
0
Let a(r) = r**2 + 5*r. Suppose 0 = p - 0*p - 7. Let j(v) = 0 + 0*v - 2*v + 9. Let b be j(p). Determine a(b).
0
Let g(p) = -7*p**3 + 1. Suppose -t - t + 12 = 4*b, -4*b - 16 = -5*t. Calculate g(b).
-6
Let t(m) = 3*m**2 - 7*m - 3. Let r(c) = -21*c - c - c + 13*c**2 - 12 - 6*c. Let o(x) = -2*r(x) + 9*t(x). Determine o(6).
3
Let b(d) = 2*d**3 - 2*d**2 - d + 1. Let a be b(2). Let m(y) = a*y - 5 - 31*y**2 - 29*y**2 + 59*y**2. What is m(5)?
5
Let o(v) = 2 - 2 + 6 + v**3. Let h be -3 - (6/5)/((-8)/20). What is o(h)?
6
Let f(h) = 2*h**2 - 10*h - 6. Let x(m) = m**2 - 5*m - 3. Let a(w) = 6*f(w) - 11*x(w). Determine a(4).
-7
Suppose -1 = -3*y + 8. Let x(b) = 2*b + 2*b + 6 - y*b. Determine x(0).
6
Let i(d) = d**2 + d - 4. Let o = -8 + 8. Suppose -l = -2*l + 5*n + 7, 5*n + 10 = o. Give i(l).
2
Let j(w) be the third derivative of 0*w - 1/6*w**4 + 0 + 2*w**2 + 0*w**3. Determine j(1).
-4
Suppose -2 = -5*r - 2*k, k + 3 = 4. Let d(n) be the second derivative of -n**4/12 + n**3/6 + 6*n**2 + n. What is d(r)?
12
Let n(w) = w**3 - w**2 + w + 1. Let h be n(-1). Let u(d) = -8*d - 2. Give u(h).
14
Let z(b) = -b**2 - 4*b - 2. Let d be z(-2). Suppose -4*o + d - 6 = 0. Let n(p) be the third derivative of -p**5/12 + p**3/6 - p**2. Calculate n(o).
-4
Let w(k) = 11*k + 13. Let q(v) = -4*v - 5. Let g(t) = -17*q(t) - 6*w(t). Determine g(-5).
-3
Let n(h) = -6*h + 119. Let a be n(21). Let k(i) = -i**2 - 9*i - 7. Calculate k(a).
7
Let m be (-3 - -6 - 7) + 8. Let p(r) = r**2 - 2*r - 4. What is p(m)?
4
Let z be (3/((-3)/(-10)))/2. Suppose -6 = -z*d + 4. Let t(o) be the second derivative of -o**5/20 + o**4/4 - o**3/6 + 3*o. Calculate t(d).
2
Let d = 13 - 8. Let z(s) = -s**2 + 3*s - 1. Let n be z(1). Let x(a) = -d*a - n - 3*a + 4*a + a. Determine x(-2).
5
Let w(p) be the second derivative of -p**3/3 + 3*p**2 + 21*p. Give w(5).
-4
Suppose -5*a - 5*w - 16 = -2*a, 0 = 4*a + 5*w + 13. Let m(o) = o - 2. Give m(a).
1
Let q(k) = k**2 + 2*k + 1. Let y be (1 - 10) + (-1 - -3). Let z = 4 + y. Calculate q(z).
4
Let g be (12/(-15))/((-4)/10). Suppose -g*v = -2*z - 5*v - 5, z = 3*v - 7. Let w(j) = -j**2 - 6*j - 5. What is w(z)?
3
Let m(n) = -3*n - 2. Let a be (-120)/24 - (-1 + 2). Calculate m(a).
16
Let i(y) = 4*y**3 - y**2 + 1. Let m(u) = u - 7. Let b be m(5). Let o be 3 - (2 - (b - -2)). Calculate i(o).
4
Let w = -2 + 3. Let f be ((-1)/(-2))/w*6. Suppose -f*y = y. Let r(b) = b**2 - b. Calculate r(y).
0
Let o(x) = -x**3 - 3*x**2 + 4*x - 2. Let z = 77 + -81. Determine o(z).
-2
Let i(r) = -2 + 11*r + 0*r - 6*r - 7*r. Calculate i(3).
-8
Let d(j) = -j**3 + 5*j**2 + 8*j - 4. Let a = 16 + -10. Give d(a).
8
Let q = -3 + 1. Let i(a) be the third derivative of a**4/8 + a**3/6 + 2*a**2. Give i(q).
-5
Let q(n) = 3*n + 2. Let b(t) = t**2 - 15*t - 5. Let k be b(15). Calculate q(k).
-13
Let a(k) be the second derivative of -k**4/6 - 5*k**3/6 - k**2 - 17*k. Give a(-4).
-14
Let o be (-2)/(-8) + 3/4. Let z(c) be the first derivative of 4*c - 3 + 4 - 2*c**2 - 5*c. Determine z(o).
-5
Let h(k) = -2*k + 0*k**2 - 1 - 4*k + 6*k**2 - 4*k**3 + 3*k**3. Calculate h(5).
-6
Let f(l) = -6 + 5*l - 3*l + 3. What is f(-4)?
-11
Let x(b) = -b**2 + b**2 - b**2 - 2*b - 1. Suppose -5*k = 2*y + 4, 0 = -k + 2*y - y - 5. What is x(k)?
-1
Let l(r) = r + 1. Let m be l(-10). Let o = m - -13. Let u(w) = 3*w. Calculate u(o).
12
Let f(c) = -9*c**2 + c + 1. Let z be f(-1). Let y = 5 + z. Let p(g) be the second derivative of g**4/12 + g**3/3 + g**2/2 + 4*g. Give p(y).
9
Let p = -5 + 10. Let i(m) = -m. Let f be i(0). Let n(y) = f*y**2 - 6*y**2 - 4*y + 7*y**2. Determine n(p).
5
Let p(x) = 4*x**2 + 7*x**2 - 1 - 4*x**2. Suppose v + 5*z + 9 = 0, -v + 2*z + 10 + 2 = 0. Let n(y) = y**3 - 6*y**2 - y + 5. Let q be n(v). Calculate p(q).
6
Let p(v) be the third derivative of v**4/12 - 10*v**2. Let m be 1/(-2) + (-2)/(-4). Let z be 2*(m + 1 + 0). Calculate p(z).
4
Let m(o) = -1 - o**3 + o - 2*o**2 + 7*o**2 + 2*o**2 - 9*o**2. Determine m(-3).
5
Let s(k) = -k**2 + k + 1. Let l(j) = -3*j**2 - 9*j - 1. Let y be l(-3). Calculate s(y).
-1
Suppose h = -2*h + 12. Suppose 0 = -2*d + h - 0. Let j(q) = 6*q - d + 3*q - 7*q. What is j(-3)?
-8
Let l(m) = -m - 2*m**2 + 3*m**3 - 4*m**3 + 3*m**2 - 8. Let o(y) = -4*y + 24. Let v be o(6). Determine l(v).
-8
Suppose -17*p + 8*p = -72. Let i(o) = 2*o - 10. Determine i(p).
6
Let h(s) be the second derivative of -s**6/720 - s**5/10 - s**4/6 - s. Let j(p) be the third derivative of h(p). Let m = 3 + -3. Determine j(m).
-12
Let u = -9 - -19. Suppose 3*r = -2*r + u. Let a(q) = -q**3 - r*q + 0*q + 4*q - q. Calculate a(0).
0
Suppose 0 = 2*q + 4 - 10. Let h(j) = -2*j - 3. What is h(q)?
-9
Let d(x) = -1 - x - 6*x**2 + x - 8*x**3 + 5*x**2 + x. Determine d(1).
-9
Let a(r) be the second derivative of r - 5/2*r**2 + 1/3*r**3 + 0. Determine a(4).
3
Let v(g) = -g - 3. Let p be v(-8). Let k(h) = h**2 - 6*h - 3. What is k(p)?
-8
Let t be ((-2)/(-2))/(1/2). Let g(o) = o - 3 + 5 - 1 + t. Calculate g(4).
7
Let d = -8 + 14. Let s(i) = -d - i**2 + 1 - 8*i - 2. Calculate s(-5).
8
Let x(m) = -4*m**2 - 6*m - 7*m + 12*m - 4*m**2 - 1. Calculate x(-1).
-8
Let a(p) = 0*p**3 + 3*p**2 - 3*p**3 - 4*p**2. Let x be (5 - 4) + (-8)/(-2). Suppose 0*c = 2*c - 8, -3*h - x*c = -17. Calculate a(h).
2
Let d = 10 + 10. Suppose -d = 5*q - 0*q. Let c = q - 1. Let t(a) = a**3 + 5*a**2 + 1. Calculate t(c).
1
Let r(n) be the third derivative of n**4/24 - n**3/6 + 6*n**2. Let y(z) = -z - 3. Let q(g) = -2*r(g) - y(g). What is q(0)?
5
Let m be (2/7)/(5/35). Let h(j) = -j - 9 - m*j + j + 4*j. Give h(6).
3
Let z(s) be the second derivative of s**5/20 + s**4/4 - s**3/2 + 2*s**2 + 40*s. Determine z(-4).
0
Let u(a) = -3 + a + 9*a - 9*a. Determine u(-3).
-6
Let o(w) = w**3 + w**2 - w + 1. Let x(s) = -3*s**3 + 4*s**2 + 6*s + 8. Let f(d) = 2*o(d) + x(d). Give f(7).
-11
Let t(z) be the first derivative of z**4/4 - 5*z**3/3 + z**2 - 5*z - 4. Let p = 10 - 5. What is t(p)?
5
Let v(z) = -z**3 - 5*z**2 - 3*z + 1. Let r be (-2 + 15/5)*-4. Determine v(r).
-3
Let s(c) = c**3 + 11*c**2 - 12*c + 4. Let w be s(-12). Let z(m) = m**3 - 2*m**2 - 5*m - 3. Calculate z(w).
9
Let j(h) = -3*h + 1. Let u be j(-4). Let z = u + -10. Let n(v) = v**2 - 2*v - 2. Calculate n(z).
1
Suppose 4*g + 10 = -3*s, 3 = -3*s + g + 2*g. Let i(p) = -p**2 - 5*p - 2. Determine i(s).
4
Let x(h) = -h**2 + 12*h - 4. Let p(b) = -b**3 - 13*b**2 + 12*b - 16. Let s be p(-14). What is x(s)?
-4
